{"id":1579,"date":"2017-04-15T09:23:11","date_gmt":"2017-04-15T09:23:11","guid":{"rendered":"https:\/\/www.pvcmajstor.com\/?page_id=1579"},"modified":"2017-12-19T11:25:14","modified_gmt":"2017-12-19T11:25:14","slug":"zaposljavanje","status":"publish","type":"page","link":"https:\/\/www.pvcmajstor.com\/?page_id=1579","title":{"rendered":"Zapo\u0161ljavanje"},"content":{"rendered":"<h3>Karijera u firmi Pvc Promont<\/h3>\n<p> <br \/>\nTra\u017eimo mla\u0111e ozbiljne i odgovorne osobe koje su za timski rad! Potrebno radno iskustvo u pravljenju pvc i alu stolarije, demonta\u017ei i ugradnji nove stolarije i \u0161telovanje. U svakom poslu je najbitniji timski rad i spretnost u re\u0161avanju svih problema.<br \/> <br \/>\n <img class=\"aligncenter size-full\" src=\"\/wp-content\/uploads\/2017\/04\/prozor-promont.jpg\"\/><br \/> <br \/>\nSvoj cv \u0161aljite na <a href=\"?page_id=74\">mejl<\/a> ili nas <a href=\"?page_id=74\">kontaktirajte<\/a> putem telefona\/faksa. <\/p>\n","protected":false},"excerpt":{"rendered":"<p>Karijera u firmi Pvc Promont Tra\u017eimo mla\u0111e ozbiljne i odgovorne osobe koje su za timski rad! Potrebno radno iskustvo u pravljenju pvc i alu stolarije, demonta\u017ei i ugradnji nove stolarije i \u0161telovanje. U svakom poslu je najbitniji timski rad i spretnost u re\u0161avanju svih problema. Svoj cv \u0161aljite na mejl ili nas kontaktirajte putem telefona\/faksa.&hellip;<\/p>\n","protected":false},"author":1,"featured_media":0,"parent":0,"menu_order":0,"comment_status":"closed","ping_status":"closed","template":"","meta":[],"_links":{"self":[{"href":"https:\/\/www.pvcmajstor.com\/index.php?rest_route=\/wp\/v2\/pages\/1579"}],"collection":[{"href":"https:\/\/www.pvcmajstor.com\/index.php?rest_route=\/wp\/v2\/pages"}],"about":[{"href":"https:\/\/www.pvcmajstor.com\/index.php?rest_route=\/wp\/v2\/types\/page"}],"author":[{"embeddable":true,"href":"https:\/\/www.pvcmajstor.com\/index.php?rest_route=\/wp\/v2\/users\/1"}],"replies":[{"embeddable":true,"href":"https:\/\/www.pvcmajstor.com\/index.php?rest_route=%2Fwp%2Fv2%2Fcomments&post=1579"}],"version-history":[{"count":3,"href":"https:\/\/www.pvcmajstor.com\/index.php?rest_route=\/wp\/v2\/pages\/1579\/revisions"}],"predecessor-version":[{"id":1703,"href":"https:\/\/www.pvcmajstor.com\/index.php?rest_route=\/wp\/v2\/pages\/1579\/revisions\/1703"}],"wp:attachment":[{"href":"https:\/\/www.pvcmajstor.com\/index.php?rest_route=%2Fwp%2Fv2%2Fmedia&parent=1579"}],"curies":[{"name":"wp","href":"https:\/\/api.w.org\/{rel}","templated":true}]}}