{"id":1645,"date":"2017-04-25T20:49:21","date_gmt":"2017-04-25T20:49:21","guid":{"rendered":"https:\/\/www.pvcmajstor.com\/?page_id=1645"},"modified":"2017-12-19T11:19:54","modified_gmt":"2017-12-19T11:19:54","slug":"roletne-i-komarnici","status":"publish","type":"page","link":"https:\/\/www.pvcmajstor.com\/?page_id=1645","title":{"rendered":"Roletne i komarnici"},"content":{"rendered":"<h3>Roletne i komarnici<\/h3>\n<p> <br \/>\n<img class=\"aligncenter size-full\" src=\"\/wp-content\/uploads\/2017\/04\/pvc-aluminijumske-roletne-k.jpg\"\/><br \/> <br \/>\n<strong>Aluminijumske roletne<\/strong> za prozore i vrata obezbe\u0111uju za\u0161titu od svetla, atmosferskih uticaja i provale. Otvaraju se ru\u010dno pomo\u0107u mehanizma sa trakom (gurtna) ili pomo\u0107u elektromotora na prekida\u010d ili pomo\u0107u daljinske komande. Za zahtevnije korisnike, mo\u017eemo ponuditi i module koji vremenski reguli\u0161u podizanje i spu\u0161tanje roletni u odre\u0111eno doba dana kako biste eventualno zavarali provalnike. Ne r\u0111aju i ne menjaju boju jer je konstrukcija roletne napravljena od ner\u0111aju\u0107ih obojenih aluminijumskih profila dekorativnog izgleda i odli\u010dnih karakteristika koje omogu\u0107avaju dug vek trajanja. U ponudi imamo roletne razli\u010ditih boja i dezena.<br \/> <br \/>\n<img class=\"aligncenter size-full\" src=\"\/wp-content\/uploads\/2017\/04\/daljinska-kontrola-roletni.jpg\"\/><br \/> <br \/>\n<strong>Pvc roletne<\/strong> se prave u razli\u010ditim modelima, daleko su pristupa\u010dnije po ceni od aluminijumskih uz pribli\u017ean kvalitet i dugotrajnost. Otvaraju se ru\u010dno pomo\u0107u mehanizma sa trakom (gurtna) ili pomo\u0107u elektromotora na prekida\u010d ili pomo\u0107u daljinske komande. Za zahtevnije korisnike, mo\u017eemo ponuditi i module koji vremenski reguli\u0161u podizanje i spu\u0161tanje roletni u odre\u0111eno doba dana kako biste eventualno zavarali provalnike.<br \/> <br \/>\n<img class=\"aligncenter size-full\" src=\"\/wp-content\/uploads\/2017\/04\/roletna-sa-komarnikom.jpg\"\/><br \/> <br \/>\n<strong>Komarnici<\/strong> su projektovani kako bi vas \u0161titili od insekata. Oni su zdrava i trajna za\u0161tita od komaraca i ostalih insekata. Mre\u017ea za komarnike je napravljena od aluminijuma i otporna je na atmosferske uticaje, ne r\u0111aju i ne menjaju boju. Konstrukcija komarnika je napravljena od ner\u0111aju\u0107ih obojenih aluminijumskih profila dekorativnog izgleda i odli\u010dnih karakteristika koje omogu\u0107avaju dug vek trajanja. Komarnik se sme\u0161ta u kutiju sa roletnom ili u zasebnu kutiju tako da je apsolutno neprimetna i lako dostupna za upotrebu. Komarnici se proizvode u razli\u010ditim bojama i dezenima.<br \/> <br \/>\n<iframe loading=\"lazy\" class=\"aligncenter size-full\" width=\"544\" height=\"435\" src=\"https:\/\/www.youtube.com\/embed\/-yZwRe2O5OI\" frameborder=\"0\" allowfullscreen><\/iframe><br \/> <br \/>\n<iframe loading=\"lazy\" class=\"aligncenter size-full\" width=\"544\" height=\"435\" src=\"https:\/\/www.youtube.com\/embed\/c3soK6Gtv78\" frameborder=\"0\" allowfullscreen><\/iframe><\/p>\n","protected":false},"excerpt":{"rendered":"<p>Roletne i komarnici Aluminijumske roletne za prozore i vrata obezbe\u0111uju za\u0161titu od svetla, atmosferskih uticaja i provale. Otvaraju se ru\u010dno pomo\u0107u mehanizma sa trakom (gurtna) ili pomo\u0107u elektromotora na prekida\u010d ili pomo\u0107u daljinske komande. Za zahtevnije korisnike, mo\u017eemo ponuditi i module koji vremenski reguli\u0161u podizanje i spu\u0161tanje roletni u odre\u0111eno doba dana kako biste eventualno&hellip;<\/p>\n","protected":false},"author":1,"featured_media":0,"parent":0,"menu_order":0,"comment_status":"closed","ping_status":"closed","template":"","meta":[],"_links":{"self":[{"href":"https:\/\/www.pvcmajstor.com\/index.php?rest_route=\/wp\/v2\/pages\/1645"}],"collection":[{"href":"https:\/\/www.pvcmajstor.com\/index.php?rest_route=\/wp\/v2\/pages"}],"about":[{"href":"https:\/\/www.pvcmajstor.com\/index.php?rest_route=\/wp\/v2\/types\/page"}],"author":[{"embeddable":true,"href":"https:\/\/www.pvcmajstor.com\/index.php?rest_route=\/wp\/v2\/users\/1"}],"replies":[{"embeddable":true,"href":"https:\/\/www.pvcmajstor.com\/index.php?rest_route=%2Fwp%2Fv2%2Fcomments&post=1645"}],"version-history":[{"count":3,"href":"https:\/\/www.pvcmajstor.com\/index.php?rest_route=\/wp\/v2\/pages\/1645\/revisions"}],"predecessor-version":[{"id":1757,"href":"https:\/\/www.pvcmajstor.com\/index.php?rest_route=\/wp\/v2\/pages\/1645\/revisions\/1757"}],"wp:attachment":[{"href":"https:\/\/www.pvcmajstor.com\/index.php?rest_route=%2Fwp%2Fv2%2Fmedia&parent=1645"}],"curies":[{"name":"wp","href":"https:\/\/api.w.org\/{rel}","templated":true}]}}